{"id":1058,"date":"2024-03-06T15:53:50","date_gmt":"2024-03-06T14:53:50","guid":{"rendered":"https:\/\/tomsarrat.com\/?page_id=1058"},"modified":"2024-03-18T20:17:57","modified_gmt":"2024-03-18T19:17:57","slug":"we-are-still-here","status":"publish","type":"page","link":"https:\/\/tomsarrat.com\/index.php\/accueil\/we-are-still-here\/","title":{"rendered":"WE ARE STILL HERE"},"content":{"rendered":"\t\t<div data-elementor-type=\"wp-page\" data-elementor-id=\"1058\" class=\"elementor elementor-1058\" data-elementor-post-type=\"page\">\n\t\t\t\t<div class=\"elementor-element elementor-element-b8eb6c3 e-flex e-con-boxed e-con e-parent\" data-id=\"b8eb6c3\" data-element_type=\"container\" data-e-type=\"container\">\n\t\t\t\t\t<div class=\"e-con-inner\">\n\t\t\t\t<div class=\"elementor-element elementor-element-23f9073 elementor-widget elementor-widget-heading\" data-id=\"23f9073\" data-element_type=\"widget\" data-e-type=\"widget\" data-widget_type=\"heading.default\">\n\t\t\t\t<div class=\"elementor-widget-container\">\n\t\t\t\t\t<h2 class=\"elementor-heading-title elementor-size-default\">WE ARE STILL HERE<\/h2>\t\t\t\t<\/div>\n\t\t\t\t<\/div>\n\t\t\t\t<div class=\"elementor-element elementor-element-c70980e elementor-widget elementor-widget-heading\" data-id=\"c70980e\" data-element_type=\"widget\" data-e-type=\"widget\" data-widget_type=\"heading.default\">\n\t\t\t\t<div class=\"elementor-widget-container\">\n\t\t\t\t\t<h6 class=\"elementor-heading-title elementor-size-default\"><span style=\"font-weight: 600\">de Ya\u00ebl Bartana<\/span><\/h6>\t\t\t\t<\/div>\n\t\t\t\t<\/div>\n\t\t\t\t<div class=\"elementor-element elementor-element-4035ca5 elementor-widget elementor-widget-heading\" data-id=\"4035ca5\" data-element_type=\"widget\" data-e-type=\"widget\" data-widget_type=\"heading.default\">\n\t\t\t\t<div class=\"elementor-widget-container\">\n\t\t\t\t\t<h6 class=\"elementor-heading-title elementor-size-default\">Br\u00e9sil \/ 2024 \/  vid\u00e9o d\u2019art \/ en cours de post-production<\/h6>\t\t\t\t<\/div>\n\t\t\t\t<\/div>\n\t\t\t\t\t<\/div>\n\t\t\t\t<\/div>\n\t\t<div class=\"elementor-element elementor-element-96d4264 e-flex e-con-boxed e-con e-parent\" data-id=\"96d4264\" data-element_type=\"container\" data-e-type=\"container\">\n\t\t\t\t\t<div class=\"e-con-inner\">\n\t\t\t\t<div class=\"elementor-element elementor-element-2abac89 elementor--h-position-center elementor--v-position-middle elementor-arrows-position-inside elementor-pagination-position-inside elementor-widget elementor-widget-slides\" data-id=\"2abac89\" data-element_type=\"widget\" data-e-type=\"widget\" data-settings=\"{&quot;autoplay_speed&quot;:4000,&quot;transition_speed&quot;:1000,&quot;navigation&quot;:&quot;both&quot;,&quot;autoplay&quot;:&quot;yes&quot;,&quot;pause_on_interaction&quot;:&quot;yes&quot;,&quot;infinite&quot;:&quot;yes&quot;,&quot;transition&quot;:&quot;slide&quot;}\" data-widget_type=\"slides.default\">\n\t\t\t\t<div class=\"elementor-widget-container\">\n\t\t\t\t\t\t\t\t\t<div class=\"elementor-swiper\">\n\t\t\t\t\t<div class=\"elementor-slides-wrapper elementor-main-swiper swiper\" role=\"region\" aria-roledescription=\"carousel\" aria-label=\"Diapositives\" dir=\"ltr\" data-animation=\"fadeInUp\">\n\t\t\t\t<div class=\"swiper-wrapper elementor-slides\">\n\t\t\t\t\t\t\t\t\t\t<div class=\"elementor-repeater-item-4775fca swiper-slide\" role=\"group\" aria-roledescription=\"slide\"><div class=\"swiper-slide-bg\" role=\"img\" aria-label=\"Vi-We are still here 1\"><\/div><div class=\"swiper-slide-inner\" ><div class=\"swiper-slide-contents\"><\/div><\/div><\/div><div class=\"elementor-repeater-item-d884972 swiper-slide\" role=\"group\" aria-roledescription=\"slide\"><div class=\"swiper-slide-bg\" role=\"img\" aria-label=\"Vi-We are still here 2\"><\/div><div class=\"swiper-slide-inner\" ><div class=\"swiper-slide-contents\"><\/div><\/div><\/div><div class=\"elementor-repeater-item-0c330a1 swiper-slide\" role=\"group\" aria-roledescription=\"slide\"><div class=\"swiper-slide-bg\" role=\"img\" aria-label=\"Vi-We are still here 3\"><\/div><div class=\"swiper-slide-inner\" ><div class=\"swiper-slide-contents\"><\/div><\/div><\/div><div class=\"elementor-repeater-item-ecb7455 swiper-slide\" role=\"group\" aria-roledescription=\"slide\"><div class=\"swiper-slide-bg\" role=\"img\" aria-label=\"Vi-We are still here 4\"><\/div><div class=\"swiper-slide-inner\" ><div class=\"swiper-slide-contents\"><\/div><\/div><\/div><div class=\"elementor-repeater-item-d3c00bc swiper-slide\" role=\"group\" aria-roledescription=\"slide\"><div class=\"swiper-slide-bg\" role=\"img\" aria-label=\"Vi-We are still here 5\"><\/div><div class=\"swiper-slide-inner\" ><div class=\"swiper-slide-contents\"><\/div><\/div><\/div><div class=\"elementor-repeater-item-a737d88 swiper-slide\" role=\"group\" aria-roledescription=\"slide\"><div class=\"swiper-slide-bg\" role=\"img\" aria-label=\"Vi-We are still here 6\"><\/div><div class=\"swiper-slide-inner\" ><div class=\"swiper-slide-contents\"><\/div><\/div><\/div><div class=\"elementor-repeater-item-5e52ee9 swiper-slide\" role=\"group\" aria-roledescription=\"slide\"><div class=\"swiper-slide-bg\" role=\"img\" aria-label=\"Vi-We are still here 7\"><\/div><div class=\"swiper-slide-inner\" ><div class=\"swiper-slide-contents\"><\/div><\/div><\/div><div class=\"elementor-repeater-item-11a6e13 swiper-slide\" role=\"group\" aria-roledescription=\"slide\"><div class=\"swiper-slide-bg\" role=\"img\" aria-label=\"Vi-We are still here 8\"><\/div><div class=\"swiper-slide-inner\" ><div class=\"swiper-slide-contents\"><\/div><\/div><\/div><div class=\"elementor-repeater-item-794f9ac swiper-slide\" role=\"group\" aria-roledescription=\"slide\"><div class=\"swiper-slide-bg\" role=\"img\" aria-label=\"Vi-We are still here 9\"><\/div><div class=\"swiper-slide-inner\" ><div class=\"swiper-slide-contents\"><\/div><\/div><\/div><div class=\"elementor-repeater-item-7862b9a swiper-slide\" role=\"group\" aria-roledescription=\"slide\"><div class=\"swiper-slide-bg\" role=\"img\" aria-label=\"Vi-We are still here 10\"><\/div><div class=\"swiper-slide-inner\" ><div class=\"swiper-slide-contents\"><\/div><\/div><\/div><div class=\"elementor-repeater-item-b0b2b46 swiper-slide\" role=\"group\" aria-roledescription=\"slide\"><div class=\"swiper-slide-bg\" role=\"img\" aria-label=\"Vi-We are still here 11\"><\/div><div class=\"swiper-slide-inner\" ><div class=\"swiper-slide-contents\"><\/div><\/div><\/div><div class=\"elementor-repeater-item-808a294 swiper-slide\" role=\"group\" aria-roledescription=\"slide\"><div class=\"swiper-slide-bg\" role=\"img\" aria-label=\"Vi-We are still here 12\"><\/div><div class=\"swiper-slide-inner\" ><div class=\"swiper-slide-contents\"><\/div><\/div><\/div><div class=\"elementor-repeater-item-9a83522 swiper-slide\" role=\"group\" aria-roledescription=\"slide\"><div class=\"swiper-slide-bg\" role=\"img\" aria-label=\"Vi-We are still here 13\"><\/div><div class=\"swiper-slide-inner\" ><div class=\"swiper-slide-contents\"><\/div><\/div><\/div><div class=\"elementor-repeater-item-444f932 swiper-slide\" role=\"group\" aria-roledescription=\"slide\"><div class=\"swiper-slide-bg\" role=\"img\" aria-label=\"Vi-We are still here 14\"><\/div><div class=\"swiper-slide-inner\" ><div class=\"swiper-slide-contents\"><\/div><\/div><\/div><div class=\"elementor-repeater-item-e650874 swiper-slide\" role=\"group\" aria-roledescription=\"slide\"><div class=\"swiper-slide-bg\" role=\"img\" aria-label=\"Vi-We are still here 15\"><\/div><div class=\"swiper-slide-inner\" ><div class=\"swiper-slide-contents\"><\/div><\/div><\/div>\t\t\t\t<\/div>\n\t\t\t\t\t\t\t\t\t\t\t\t\t\t\t<div class=\"elementor-swiper-button elementor-swiper-button-prev\" role=\"button\" tabindex=\"0\" aria-label=\"Diapositive pr\u00e9c\u00e9dente\">\n\t\t\t\t\t\t\t<svg aria-hidden=\"true\" class=\"e-font-icon-svg e-eicon-chevron-left\" viewBox=\"0 0 1000 1000\" xmlns=\"http:\/\/www.w3.org\/2000\/svg\"><path d=\"M646 125C629 125 613 133 604 142L308 442C296 454 292 471 292 487 292 504 296 521 308 533L604 854C617 867 629 875 646 875 663 875 679 871 692 858 704 846 713 829 713 812 713 796 708 779 692 767L438 487 692 225C700 217 708 204 708 187 708 171 704 154 692 142 675 129 663 125 646 125Z\"><\/path><\/svg>\t\t\t\t\t\t<\/div>\n\t\t\t\t\t\t<div class=\"elementor-swiper-button elementor-swiper-button-next\" role=\"button\" tabindex=\"0\" aria-label=\"Diapositive suivante\">\n\t\t\t\t\t\t\t<svg aria-hidden=\"true\" class=\"e-font-icon-svg e-eicon-chevron-right\" viewBox=\"0 0 1000 1000\" xmlns=\"http:\/\/www.w3.org\/2000\/svg\"><path d=\"M696 533C708 521 713 504 713 487 713 471 708 454 696 446L400 146C388 133 375 125 354 125 338 125 325 129 313 142 300 154 292 171 292 187 292 204 296 221 308 233L563 492 304 771C292 783 288 800 288 817 288 833 296 850 308 863 321 871 338 875 354 875 371 875 388 867 400 854L696 533Z\"><\/path><\/svg>\t\t\t\t\t\t<\/div>\n\t\t\t\t\t\t\t\t\t\t\t\t\t\t\t\t<div class=\"swiper-pagination\"><\/div>\n\t\t\t\t\t\t\t\t\t\t\t\t<\/div>\n\t\t\t\t<\/div>\n\t\t\t\t\t\t\t\t<\/div>\n\t\t\t\t<\/div>\n\t\t\t\t\t<\/div>\n\t\t\t\t<\/div>\n\t\t<div class=\"elementor-element elementor-element-e50f733 e-flex e-con-boxed e-con e-parent\" data-id=\"e50f733\" data-element_type=\"container\" data-e-type=\"container\">\n\t\t\t\t\t<div class=\"e-con-inner\">\n\t\t\t\t<div class=\"elementor-element elementor-element-edba8cd elementor-widget elementor-widget-heading\" data-id=\"edba8cd\" data-element_type=\"widget\" data-e-type=\"widget\" data-widget_type=\"heading.default\">\n\t\t\t\t<div class=\"elementor-widget-container\">\n\t\t\t\t\t<h3 class=\"elementor-heading-title elementor-size-default\">EXPLICATION DU PROJET<\/h3>\t\t\t\t<\/div>\n\t\t\t\t<\/div>\n\t\t\t\t<div class=\"elementor-element elementor-element-4319a69 elementor-widget__width-initial elementor-widget elementor-widget-text-editor\" data-id=\"4319a69\" data-element_type=\"widget\" data-e-type=\"widget\" data-widget_type=\"text-editor.default\">\n\t\t\t\t<div class=\"elementor-widget-container\">\n\t\t\t\t\t\t\t\t\t<div>\n<p>Pour une vid\u00e9o adress\u00e9e aux mus\u00e9es, Yael Bartana, r\u00e9alisatrice isra\u00e9lienne, d\u00e9cide de m\u00ealer dans une vid\u00e9o une chorale antifasciste isra\u00e9lienne avec une danse rituelle du Candombl\u00e9, religion br\u00e9silienne r\u00e9sistante \u00e0 l&rsquo;oppression du christianisme durant l\u2019esclavagisme portugais.<\/p>\n<\/div>\t\t\t\t\t\t\t\t<\/div>\n\t\t\t\t<\/div>\n\t\t\t\t<div class=\"elementor-element elementor-element-2a12715 elementor-widget elementor-widget-heading\" data-id=\"2a12715\" data-element_type=\"widget\" data-e-type=\"widget\" data-widget_type=\"heading.default\">\n\t\t\t\t<div class=\"elementor-widget-container\">\n\t\t\t\t\t<h3 class=\"elementor-heading-title elementor-size-default\">EXP\u00c9RIENCE<\/h3>\t\t\t\t<\/div>\n\t\t\t\t<\/div>\n\t\t\t\t<div class=\"elementor-element elementor-element-3fb0135 elementor-widget elementor-widget-text-editor\" data-id=\"3fb0135\" data-element_type=\"widget\" data-e-type=\"widget\" data-widget_type=\"text-editor.default\">\n\t\t\t\t<div class=\"elementor-widget-container\">\n\t\t\t\t\t\t\t\t\t<div><p>Cette exp\u00e9rience m\u2019a marqu\u00e9 pour une chose avant tout\u00a0: c\u2019\u00e9tait le premier projet multi-linguistique dans lequel je m&rsquo;impliquais.<\/p><\/div><div><p>La r\u00e9alisatrice et le directeur de la photographie \u00e9tant respectivement isra\u00e9lienne et autrichien, ils allaient s\u2019exprimer en anglais, alors que le chef-\u00e9lectricien \u00e9tait br\u00e9silien et n\u2019en parlait pas un mot.<\/p><\/div><div><p>J\u2019ai donc \u00e9t\u00e9 engag\u00e9, en ayant pour langue maternelle le fran\u00e7ais, comme premier assistant mais aussi traducteur, pour que le chef op\u00e9rateur et le chef \u00e9lectricien se comprennent. Avec un niveau interm\u00e9diaire en anglais et un niveau avanc\u00e9 en portugais, la t\u00e2che s\u2019est r\u00e9v\u00e9l\u00e9e bien difficile mais finalement r\u00e9ussie, requ\u00e9rant notamment un grand effort de concentration, autant sur mon travail que sur la traduction constante des directives du DOP \u00e0 toute l\u2019\u00e9quipe, dans un sens comme dans l\u2019autre. Cela m\u2019a valu \u00e9norm\u00e9ment de recherches de traduction de nomenclatures et de lectures en anglais de concepts de lumi\u00e8re pr\u00e9cis.<\/p><\/div><p>Il en a r\u00e9sult\u00e9 que j\u2019ai \u00e9t\u00e9 responsable en tr\u00e8s grande partie de la pr\u00e9production, car les r\u00e9unions se faisaient \u00e0 distance, la r\u00e9alisatrice et le DOP encore dans leurs pays avant le tournage, et que les traductions durant les visios \u00e9taient infaisables. Je devais aussi \u00eatre responsable des sorties et rentr\u00e9es du mat\u00e9riel cons\u00e9quent, ainsi que de sa maintenance. Et, peu \u00e0 peu, la dynamique s\u2019est r\u00e9v\u00e9l\u00e9e la m\u00eame en tournage, o\u00f9 la situation faisait qu\u2019il \u00e9tait plus rapide en cours du tournage que le DOP s\u2019entretienne d\u2019abord avec moi sur ses d\u00e9cisions, en me demandant des conseils, puis que je traduise au reste de l\u2019\u00e9quipe pour entrer en action. J\u2019ai donc pris une place bien plus grande qu\u2019un premier assistant, sur un film tr\u00e8s ambitieux, dans un d\u00e9cor magnifique, ce qui m\u2019a apport\u00e9 autant de plaisir que d\u2019exp\u00e9rience, ainsi que beaucoup de responsabilit\u00e9s.<\/p>\t\t\t\t\t\t\t\t<\/div>\n\t\t\t\t<\/div>\n\t\t\t\t\t<\/div>\n\t\t\t\t<\/div>\n\t\t<div class=\"elementor-element elementor-element-0e5dd55 e-flex e-con-boxed e-con e-parent\" data-id=\"0e5dd55\" data-element_type=\"container\" data-e-type=\"container\">\n\t\t\t\t\t<div class=\"e-con-inner\">\n\t\t\t\t<div class=\"elementor-element elementor-element-861869a elementor-widget elementor-widget-gallery\" data-id=\"861869a\" data-element_type=\"widget\" data-e-type=\"widget\" data-settings=\"{&quot;gallery_layout&quot;:&quot;masonry&quot;,&quot;columns&quot;:5,&quot;lazyload&quot;:&quot;yes&quot;,&quot;columns_tablet&quot;:2,&quot;columns_mobile&quot;:1,&quot;gap&quot;:{&quot;unit&quot;:&quot;px&quot;,&quot;size&quot;:10,&quot;sizes&quot;:[]},&quot;gap_tablet&quot;:{&quot;unit&quot;:&quot;px&quot;,&quot;size&quot;:10,&quot;sizes&quot;:[]},&quot;gap_mobile&quot;:{&quot;unit&quot;:&quot;px&quot;,&quot;size&quot;:10,&quot;sizes&quot;:[]},&quot;link_to&quot;:&quot;file&quot;,&quot;overlay_background&quot;:&quot;yes&quot;,&quot;content_hover_animation&quot;:&quot;fade-in&quot;}\" data-widget_type=\"gallery.default\">\n\t\t\t\t<div class=\"elementor-widget-container\">\n\t\t\t\t\t\t\t<div class=\"elementor-gallery__container\">\n\t\t\t\t\t\t\t<a class=\"e-gallery-item elementor-gallery-item elementor-animated-content\" href=\"https:\/\/tomsarrat.com\/wp-content\/uploads\/2024\/03\/T-wash-1-1.webp\" data-elementor-open-lightbox=\"yes\" data-elementor-lightbox-slideshow=\"861869a\" data-elementor-lightbox-title=\"T-wash-1\" data-e-action-hash=\"#elementor-action%3Aaction%3Dlightbox%26settings%3DeyJpZCI6MTI5MSwidXJsIjoiaHR0cHM6XC9cL3RvbXNhcnJhdC5jb21cL3dwLWNvbnRlbnRcL3VwbG9hZHNcLzIwMjRcLzAzXC9ULXdhc2gtMS0xLndlYnAiLCJzbGlkZXNob3ciOiI4NjE4NjlhIn0%3D\">\n\t\t\t\t\t<div class=\"e-gallery-image elementor-gallery-item__image\" data-thumbnail=\"https:\/\/tomsarrat.com\/wp-content\/uploads\/2024\/03\/T-wash-1-1.webp\" data-width=\"729\" data-height=\"974\" aria-label=\"\" role=\"img\" ><\/div>\n\t\t\t\t\t\t\t\t\t\t\t<div class=\"elementor-gallery-item__overlay\"><\/div>\n\t\t\t\t\t\t\t\t\t\t\t\t\t\t<\/a>\n\t\t\t\t\t\t\t<a class=\"e-gallery-item elementor-gallery-item elementor-animated-content\" href=\"https:\/\/tomsarrat.com\/wp-content\/uploads\/2024\/03\/T-wash-2-1.webp\" data-elementor-open-lightbox=\"yes\" data-elementor-lightbox-slideshow=\"861869a\" data-elementor-lightbox-title=\"T-wash-2\" data-e-action-hash=\"#elementor-action%3Aaction%3Dlightbox%26settings%3DeyJpZCI6MTI5MiwidXJsIjoiaHR0cHM6XC9cL3RvbXNhcnJhdC5jb21cL3dwLWNvbnRlbnRcL3VwbG9hZHNcLzIwMjRcLzAzXC9ULXdhc2gtMi0xLndlYnAiLCJzbGlkZXNob3ciOiI4NjE4NjlhIn0%3D\">\n\t\t\t\t\t<div class=\"e-gallery-image elementor-gallery-item__image\" data-thumbnail=\"https:\/\/tomsarrat.com\/wp-content\/uploads\/2024\/03\/T-wash-2-1.webp\" data-width=\"729\" data-height=\"1296\" aria-label=\"\" role=\"img\" ><\/div>\n\t\t\t\t\t\t\t\t\t\t\t<div class=\"elementor-gallery-item__overlay\"><\/div>\n\t\t\t\t\t\t\t\t\t\t\t\t\t\t<\/a>\n\t\t\t\t\t\t\t<a class=\"e-gallery-item elementor-gallery-item elementor-animated-content\" href=\"https:\/\/tomsarrat.com\/wp-content\/uploads\/2024\/03\/T-wash-3-1.webp\" data-elementor-open-lightbox=\"yes\" data-elementor-lightbox-slideshow=\"861869a\" data-elementor-lightbox-title=\"T-wash-3\" data-e-action-hash=\"#elementor-action%3Aaction%3Dlightbox%26settings%3DeyJpZCI6MTI5MywidXJsIjoiaHR0cHM6XC9cL3RvbXNhcnJhdC5jb21cL3dwLWNvbnRlbnRcL3VwbG9hZHNcLzIwMjRcLzAzXC9ULXdhc2gtMy0xLndlYnAiLCJzbGlkZXNob3ciOiI4NjE4NjlhIn0%3D\">\n\t\t\t\t\t<div class=\"e-gallery-image elementor-gallery-item__image\" data-thumbnail=\"https:\/\/tomsarrat.com\/wp-content\/uploads\/2024\/03\/T-wash-3-1.webp\" data-width=\"729\" data-height=\"1145\" aria-label=\"\" role=\"img\" ><\/div>\n\t\t\t\t\t\t\t\t\t\t\t<div class=\"elementor-gallery-item__overlay\"><\/div>\n\t\t\t\t\t\t\t\t\t\t\t\t\t\t<\/a>\n\t\t\t\t\t\t\t<a class=\"e-gallery-item elementor-gallery-item elementor-animated-content\" href=\"https:\/\/tomsarrat.com\/wp-content\/uploads\/2024\/03\/T-wash-4-1.webp\" data-elementor-open-lightbox=\"yes\" data-elementor-lightbox-slideshow=\"861869a\" data-elementor-lightbox-title=\"T-wash-4\" data-e-action-hash=\"#elementor-action%3Aaction%3Dlightbox%26settings%3DeyJpZCI6MTI5NCwidXJsIjoiaHR0cHM6XC9cL3RvbXNhcnJhdC5jb21cL3dwLWNvbnRlbnRcL3VwbG9hZHNcLzIwMjRcLzAzXC9ULXdhc2gtNC0xLndlYnAiLCJzbGlkZXNob3ciOiI4NjE4NjlhIn0%3D\">\n\t\t\t\t\t<div class=\"e-gallery-image elementor-gallery-item__image\" data-thumbnail=\"https:\/\/tomsarrat.com\/wp-content\/uploads\/2024\/03\/T-wash-4-1.webp\" data-width=\"729\" data-height=\"1621\" aria-label=\"\" role=\"img\" ><\/div>\n\t\t\t\t\t\t\t\t\t\t\t<div class=\"elementor-gallery-item__overlay\"><\/div>\n\t\t\t\t\t\t\t\t\t\t\t\t\t\t<\/a>\n\t\t\t\t\t\t\t<a class=\"e-gallery-item elementor-gallery-item elementor-animated-content\" href=\"https:\/\/tomsarrat.com\/wp-content\/uploads\/2024\/03\/T-wash-5-1.webp\" data-elementor-open-lightbox=\"yes\" data-elementor-lightbox-slideshow=\"861869a\" data-elementor-lightbox-title=\"T-wash-5\" data-e-action-hash=\"#elementor-action%3Aaction%3Dlightbox%26settings%3DeyJpZCI6MTI5NSwidXJsIjoiaHR0cHM6XC9cL3RvbXNhcnJhdC5jb21cL3dwLWNvbnRlbnRcL3VwbG9hZHNcLzIwMjRcLzAzXC9ULXdhc2gtNS0xLndlYnAiLCJzbGlkZXNob3ciOiI4NjE4NjlhIn0%3D\">\n\t\t\t\t\t<div class=\"e-gallery-image elementor-gallery-item__image\" data-thumbnail=\"https:\/\/tomsarrat.com\/wp-content\/uploads\/2024\/03\/T-wash-5-1.webp\" data-width=\"729\" data-height=\"1618\" aria-label=\"\" role=\"img\" ><\/div>\n\t\t\t\t\t\t\t\t\t\t\t<div class=\"elementor-gallery-item__overlay\"><\/div>\n\t\t\t\t\t\t\t\t\t\t\t\t\t\t<\/a>\n\t\t\t\t\t\t\t<a class=\"e-gallery-item elementor-gallery-item elementor-animated-content\" href=\"https:\/\/tomsarrat.com\/wp-content\/uploads\/2024\/03\/T-wash-6-1.webp\" data-elementor-open-lightbox=\"yes\" data-elementor-lightbox-slideshow=\"861869a\" data-elementor-lightbox-title=\"T-wash-6\" data-e-action-hash=\"#elementor-action%3Aaction%3Dlightbox%26settings%3DeyJpZCI6MTI5NiwidXJsIjoiaHR0cHM6XC9cL3RvbXNhcnJhdC5jb21cL3dwLWNvbnRlbnRcL3VwbG9hZHNcLzIwMjRcLzAzXC9ULXdhc2gtNi0xLndlYnAiLCJzbGlkZXNob3ciOiI4NjE4NjlhIn0%3D\">\n\t\t\t\t\t<div class=\"e-gallery-image elementor-gallery-item__image\" data-thumbnail=\"https:\/\/tomsarrat.com\/wp-content\/uploads\/2024\/03\/T-wash-6-1.webp\" data-width=\"729\" data-height=\"978\" aria-label=\"\" role=\"img\" ><\/div>\n\t\t\t\t\t\t\t\t\t\t\t<div class=\"elementor-gallery-item__overlay\"><\/div>\n\t\t\t\t\t\t\t\t\t\t\t\t\t\t<\/a>\n\t\t\t\t\t\t\t<a class=\"e-gallery-item elementor-gallery-item elementor-animated-content\" href=\"https:\/\/tomsarrat.com\/wp-content\/uploads\/2024\/03\/T-wash-7-1.webp\" data-elementor-open-lightbox=\"yes\" data-elementor-lightbox-slideshow=\"861869a\" data-elementor-lightbox-title=\"T-wash-7\" data-e-action-hash=\"#elementor-action%3Aaction%3Dlightbox%26settings%3DeyJpZCI6MTI5NywidXJsIjoiaHR0cHM6XC9cL3RvbXNhcnJhdC5jb21cL3dwLWNvbnRlbnRcL3VwbG9hZHNcLzIwMjRcLzAzXC9ULXdhc2gtNy0xLndlYnAiLCJzbGlkZXNob3ciOiI4NjE4NjlhIn0%3D\">\n\t\t\t\t\t<div class=\"e-gallery-image elementor-gallery-item__image\" data-thumbnail=\"https:\/\/tomsarrat.com\/wp-content\/uploads\/2024\/03\/T-wash-7-1.webp\" data-width=\"729\" data-height=\"1177\" aria-label=\"\" role=\"img\" ><\/div>\n\t\t\t\t\t\t\t\t\t\t\t<div class=\"elementor-gallery-item__overlay\"><\/div>\n\t\t\t\t\t\t\t\t\t\t\t\t\t\t<\/a>\n\t\t\t\t\t\t\t<a class=\"e-gallery-item elementor-gallery-item elementor-animated-content\" href=\"https:\/\/tomsarrat.com\/wp-content\/uploads\/2024\/03\/T-wash-8-1.webp\" data-elementor-open-lightbox=\"yes\" data-elementor-lightbox-slideshow=\"861869a\" data-elementor-lightbox-title=\"T-wash-8\" data-e-action-hash=\"#elementor-action%3Aaction%3Dlightbox%26settings%3DeyJpZCI6MTI5OCwidXJsIjoiaHR0cHM6XC9cL3RvbXNhcnJhdC5jb21cL3dwLWNvbnRlbnRcL3VwbG9hZHNcLzIwMjRcLzAzXC9ULXdhc2gtOC0xLndlYnAiLCJzbGlkZXNob3ciOiI4NjE4NjlhIn0%3D\">\n\t\t\t\t\t<div class=\"e-gallery-image elementor-gallery-item__image\" data-thumbnail=\"https:\/\/tomsarrat.com\/wp-content\/uploads\/2024\/03\/T-wash-8-1.webp\" data-width=\"729\" data-height=\"1279\" aria-label=\"\" role=\"img\" ><\/div>\n\t\t\t\t\t\t\t\t\t\t\t<div class=\"elementor-gallery-item__overlay\"><\/div>\n\t\t\t\t\t\t\t\t\t\t\t\t\t\t<\/a>\n\t\t\t\t\t\t\t<a class=\"e-gallery-item elementor-gallery-item elementor-animated-content\" href=\"https:\/\/tomsarrat.com\/wp-content\/uploads\/2024\/03\/T-wash-9-1.webp\" data-elementor-open-lightbox=\"yes\" data-elementor-lightbox-slideshow=\"861869a\" data-elementor-lightbox-title=\"T-wash-9\" data-e-action-hash=\"#elementor-action%3Aaction%3Dlightbox%26settings%3DeyJpZCI6MTI5OSwidXJsIjoiaHR0cHM6XC9cL3RvbXNhcnJhdC5jb21cL3dwLWNvbnRlbnRcL3VwbG9hZHNcLzIwMjRcLzAzXC9ULXdhc2gtOS0xLndlYnAiLCJzbGlkZXNob3ciOiI4NjE4NjlhIn0%3D\">\n\t\t\t\t\t<div class=\"e-gallery-image elementor-gallery-item__image\" data-thumbnail=\"https:\/\/tomsarrat.com\/wp-content\/uploads\/2024\/03\/T-wash-9-1.webp\" data-width=\"729\" data-height=\"972\" aria-label=\"\" role=\"img\" ><\/div>\n\t\t\t\t\t\t\t\t\t\t\t<div class=\"elementor-gallery-item__overlay\"><\/div>\n\t\t\t\t\t\t\t\t\t\t\t\t\t\t<\/a>\n\t\t\t\t\t<\/div>\n\t\t\t\t\t<\/div>\n\t\t\t\t<\/div>\n\t\t\t\t\t<\/div>\n\t\t\t\t<\/div>\n\t\t<div class=\"elementor-element elementor-element-f829e07 e-flex e-con-boxed e-con e-parent\" data-id=\"f829e07\" data-element_type=\"container\" data-e-type=\"container\">\n\t\t\t\t\t<div class=\"e-con-inner\">\n\t\t\t\t<div class=\"elementor-element elementor-element-9dbb42e elementor-widget elementor-widget-heading\" data-id=\"9dbb42e\" data-element_type=\"widget\" data-e-type=\"widget\" data-widget_type=\"heading.default\">\n\t\t\t\t<div class=\"elementor-widget-container\">\n\t\t\t\t\t<h3 class=\"elementor-heading-title elementor-size-default\">CR\u00c9DITS<\/h3>\t\t\t\t<\/div>\n\t\t\t\t<\/div>\n\t\t\t\t<div class=\"elementor-element elementor-element-bde8453 elementor-widget__width-inherit elementor-widget elementor-widget-shortcode\" data-id=\"bde8453\" data-element_type=\"widget\" data-e-type=\"widget\" data-widget_type=\"shortcode.default\">\n\t\t\t\t<div class=\"elementor-widget-container\">\n\t\t\t\t\t\t\t<div class=\"elementor-shortcode\">\n<table id=\"tablepress-4\" class=\"tablepress tablepress-id-4\">\n<tbody>\n<tr class=\"row-1\">\n\t<td class=\"column-1\" style=\"width:30%;\">R\u00e9alisation <\/td><td class=\"column-2\" style=\"width:70%;\"> Yael Bartana<\/td>\n<\/tr>\n<tr class=\"row-2\">\n\t<td class=\"column-1\">Directeur de la photographie <\/td><td class=\"column-2\"> Simon Veroneg<\/td>\n<\/tr>\n<tr class=\"row-3\">\n\t<td class=\"column-1\">Assistants cam\u00e9ra <\/td><td class=\"column-2\"> Lucas Haas et Willian G. Martins<\/td>\n<\/tr>\n<tr class=\"row-4\">\n\t<td class=\"column-1\">Chef \u00e9lectricien <\/td><td class=\"column-2\"> Jailson Lessa<\/td>\n<\/tr>\n<tr class=\"row-5\">\n\t<td class=\"column-1\">1er assistant \u00e9lectricien <\/td><td class=\"column-2\"> Tom Sarrat<\/td>\n<\/tr>\n<tr class=\"row-6\">\n\t<td class=\"column-1\">2nds assistants \u00e9lectricien <\/td><td class=\"column-2\"> Rufus Doravante, Thomas Luz<\/td>\n<\/tr>\n<tr class=\"row-7\">\n\t<td class=\"column-1\">Machinerie <\/td><td class=\"column-2\"> Thomas Luz<\/td>\n<\/tr>\n<tr class=\"row-8\">\n\t<td class=\"column-1\">Production <\/td><td class=\"column-2\"> Georgia Kirilov<\/td>\n<\/tr>\n<\/tbody>\n<\/table>\n<!-- #tablepress-4 from cache --><\/div>\n\t\t\t\t\t\t<\/div>\n\t\t\t\t<\/div>\n\t\t\t\t\t<\/div>\n\t\t\t\t<\/div>\n\t\t\t\t<\/div>\n\t\t","protected":false},"excerpt":{"rendered":"<p>WE ARE STILL HERE de Ya\u00ebl Bartana Br\u00e9sil \/ 2024 \/ vid\u00e9o d\u2019art \/ en cours de post-production Diapositive pr\u00e9c\u00e9dente Diapositive suivante EXPLICATION DU PROJET Pour une vid\u00e9o adress\u00e9e aux mus\u00e9es, Yael Bartana, r\u00e9alisatrice isra\u00e9lienne, d\u00e9cide de m\u00ealer dans une vid\u00e9o une chorale antifasciste isra\u00e9lienne avec une danse rituelle du Candombl\u00e9, religion br\u00e9silienne r\u00e9sistante \u00e0 [&hellip;]<\/p>\n","protected":false},"author":2,"featured_media":0,"parent":368,"menu_order":3,"comment_status":"closed","ping_status":"closed","template":"","meta":{"_monsterinsights_skip_tracking":false,"_monsterinsights_sitenote_active":false,"_monsterinsights_sitenote_note":"","_monsterinsights_sitenote_category":0,"footnotes":""},"class_list":["post-1058","page","type-page","status-publish","hentry"],"aioseo_notices":[],"_links":{"self":[{"href":"https:\/\/tomsarrat.com\/index.php\/wp-json\/wp\/v2\/pages\/1058","targetHints":{"allow":["GET"]}}],"collection":[{"href":"https:\/\/tomsarrat.com\/index.php\/wp-json\/wp\/v2\/pages"}],"about":[{"href":"https:\/\/tomsarrat.com\/index.php\/wp-json\/wp\/v2\/types\/page"}],"author":[{"embeddable":true,"href":"https:\/\/tomsarrat.com\/index.php\/wp-json\/wp\/v2\/users\/2"}],"replies":[{"embeddable":true,"href":"https:\/\/tomsarrat.com\/index.php\/wp-json\/wp\/v2\/comments?post=1058"}],"version-history":[{"count":37,"href":"https:\/\/tomsarrat.com\/index.php\/wp-json\/wp\/v2\/pages\/1058\/revisions"}],"predecessor-version":[{"id":1509,"href":"https:\/\/tomsarrat.com\/index.php\/wp-json\/wp\/v2\/pages\/1058\/revisions\/1509"}],"up":[{"embeddable":true,"href":"https:\/\/tomsarrat.com\/index.php\/wp-json\/wp\/v2\/pages\/368"}],"wp:attachment":[{"href":"https:\/\/tomsarrat.com\/index.php\/wp-json\/wp\/v2\/media?parent=1058"}],"curies":[{"name":"wp","href":"https:\/\/api.w.org\/{rel}","templated":true}]}}